) = -3*t**3 + 26*t**2 - 62*t - 6. Let u(j) = -5*k(j) + 7*w(j). Give u(8).
1
Suppose 11*v - 16*v = 190. Let b = 32 + v. Let t(m) = -m**2 - 6*m + 5. Give t(b).
5
Let r(h) = -5*h**2 - 6*h - 11. Let p be 2 - 4/(5 + -1). Let j(k) = -k**2 - p - 20*k + 20*k. Let w(s) = 6*j(s) - r(s). What is w(6)?
5
Let m(t) = t**3 - 9*t**2 + 11*t - 24. Let u be m(8). Let b(x) = x + 10. Give b(u).
10
Let z be 1/(11 - 72/6). Let k(r) = 4*r**2 + r + 2. What is k(z)?
5
Let q(n) be the second derivative of n**3/6 - 19*n. Let k(v) = -5*v - v**3 - 4 - 5 - 8*v + 8*v + 8*v**2. Let c be k(7). Give q(c).
5
Let r(t) = t + 9. Suppose 0*d + 5*d - 70 = -2*j, 56 = 4*d + 3*j. Suppose 2*m = -0 - d. Give r(m).
2
Let n(t) = -21*t**3 - 26*t**2 - 5*t + 31. Let x(l) = 4*l**3 + 5*l**2 + l - 6. Let i(h) = -2*n(h) - 11*x(h). Calculate i(-3).
34
Let z(k) = -20*k**2 + 16 + 11*k**2 - 3*k**2 - 9*k + 11*k**2. Determine z(-11).
-6
Let z(m) = -1230*m + 6*m**2 - m**3 + m**2 + 3 + 4*m**2 + 1256*m. Determine z(13).
3
Suppose 30*i + 56 = 26*i. Let p = i - -17. Suppose -o + 16 = p*o. Let a(j) = j**2 - 7*j + 5. Give a(o).
-7
Let u(a) = -5*a + 5. Let k(s) = 16*s - 16. Suppose -3*h = -18 + 48. Let y be (-40)/14 + 4/(-28). Let f(d) = h*u(d) + y*k(d). Give f(-4).
-10
Let t(y) = -y + 2. Let q be 5*(5 + -6 + 2). Determine t(q).
-3
Let p = 22 + -22. Let v(t) = 19 + p - 1 - 1 + t. Give v(-13).
4
Let p(g) = 59*g**2 - 3 - 53*g**2 - 3 + g**3 + 7. Calculate p(-6).
1
Let h(z) = -z - 5. Let d(y) = -6*y**2 + 7*y - 2. Let c(m) = -17*m**2 + 20*m - 6. Let p(o) = 4*c(o) - 11*d(o). Let t be p(2). What is h(t)?
-1
Suppose -16*m = 4*u - 12*m + 44, m = u + 5. Let i(t) = -t**3 - 7*t**2 + 7*t - 2. What is i(u)?
6
Let h(f) be the first derivative of -f**6/360 - f**5/30 + f**4/3 - 8*f**3/3 + 2. Let y(m) be the third derivative of h(m). What is y(-6)?
-4
Suppose 0 = -4*y + 6*y - r - 2, -y - 2*r = -1. Suppose 24 = 5*f - y. Let l(a) = -a + 9. Calculate l(f).
4
Let r(k) = k**3 - k**2 + 3*k - 2. Let t be r(3). Let x(a) = 14*a**3 + 26 - 4*a - t + 4*a + a. Suppose 0 = d + 3*d + 4. Calculate x(d).
-14
Let l = -48 + 44. Let b be 7 + l - 10/2. Let n(y) = 3*y**3 + 2*y**2 - 3*y - 3. Give n(b).
-13
Let y(k) = 7 + k**3 + 8*k - 23*k**3 + 4*k**3 + 17*k**3. What is y(-3)?
10
Let x = -155 - -159. Let n(z) = 4 + 0*z - 10*z + x*z + 2*z. Give n(7).
-24
Let s(l) = l**3 - 2*l**2 - 5*l + 2. Let y = -62 - -66. Suppose 3*r - 2*r = -y, -4*u - r + 8 = 0. Determine s(u).
-4
Suppose 0 = -4*l + 13 + 23. Let c = 10 - l. Let p(t) = 3*t + 2. Let r(w) = -w. Let f(h) = c*p(h) + 4*r(h). What is f(-3)?
5
Let r = -4 - -5. Let j(a) = a**2. Give j(r).
1
Let u(z) = z**2 - 4 - z - 27 + 26. Calculate u(-4).
15
Let f(t) be the second derivative of t**6/120 + t**5/12 - t**3/2 - 2*t**2 + 33*t. Let l(r) be the first derivative of f(r). Let z = -1 - 4. Determine l(z).
-3
Let c(f) = -f**3 - 6*f**2 - 3*f + 5. Let z(k) = k**3 + 5*k**2 + 2*k - 4. Let p(n) = -5*c(n) - 6*z(n). Calculate p(0).
-1
Let g(u) = -u**2 - 2*u - 2. Let w(c) = -11*c - 341. Let y be w(-31). Give g(y).
-2
Let q(m) = -6 - 8 + m + 17. Let h be q(6). Let s(l) = -3*l + 9 - h - 2*l**2. Give s(-2).
-2
Let o(j) = -7*j - 11. Let h(b) = 5*b + 10. Let z(f) = 3*h(f) + 2*o(f). What is z(-5)?
3
Let j(i) = i - 24. Suppose -1 = -2*x + 19. Determine j(x).
-14
Let w(m) be the first derivative of -m**4/4 + m**2/2 - 40*m + 204. Determine w(0).
-40
Suppose 5*j + 1 - 6 = 0. Let k(v) = -v - 2*v**2 + 6*v**2 - 1 - j + 3. What is k(2)?
15
Let x(y) = 32*y**2 - 1. Let z be 6/(-10)*(-50)/30. What is x(z)?
31
Let w(p) = p**2 + 5*p + 5. Let x be -2 + -1 + (1 + 17 - 4). Let q be 2/((-12)/55 - 2/x). What is w(q)?
5
Let g(p) = 22*p**2 - 2*p + 1. Let j = 200 + -199. What is g(j)?
21
Let g(n) be the second derivative of n + 0*n**4 - 1/60*n**5 - 1/6*n**3 + 0*n**2 + 0. Let b(s) be the second derivative of g(s). What is b(-2)?
4
Let i(w) = -8*w**2 - w. Suppose -s - 4*f + 3*f = -7, -4*s + 38 = 2*f. Let a = -5 + s. Suppose 0 = u + 4*j - 2*j - a, -2*j + 9 = 3*u. Calculate i(u).
-9
Let d(t) = 19*t + 4. Let x(s) = 25*s + 5. Let q(h) = 5*d(h) - 4*x(h). Let c(b) = -b + 2. Let v be c(1). Calculate q(v).
-5
Let o(w) be the third derivative of w**7/840 - w**6/90 - w**5/30 - 7*w**4/24 - 7*w**3/6 + 2*w**2. Let h(n) be the first derivative of o(n). Calculate h(5).
-2
Let z(u) = -4*u + 17. Let f(l) = -5*l + 18. Let r(y) = 6*f(y) - 7*z(y). Let v be r(-5). Let w(h) = -8*h. Calculate w(v).
8
Let b(u) = -3*u + 2. Let q be b(-4). Let w = -11 + q. Let a(l) = -10 - 3*l**2 - l**3 + w*l**2. Determine a(0).
-10
Let k(c) be the third derivative of -c**5/60 - c**4/8 - 3*c**3/2 + 10*c**2 + c. What is k(-6)?
-27
Let a = -171 + 174. Let g(n) = -193*n - 2 + 4*n**2 - 2*n**2 + 198*n - n**3. Calculate g(a).
4
Let y = 4 - 1. Suppose 2*o = -y*o + 15. Let q = o + 0. Let t(z) = 2*z**2 - z - 4. Calculate t(q).
11
Suppose -2 = j - 5*q, j + 2*q = 6*q - 1. Let i(k) = -k**3 - 4*k**2 - 5*k + 2. Let s(c) = c**3 + c + 1. Let h(d) = i(d) + 2*s(d). Determine h(j).
-14
Let i(h) = -h**3 - 3*h**2 + 9*h + 12. Let t be i(-5). Suppose 4*g + 4*n - 8*n = 4, -5*g + t = -n. Let a(u) = -u**2 + 2*u + 5. What is a(g)?
-3
Let h(z) be the first derivative of -z**5/60 - z**4/8 - 8*z**3/3 - 9. Let o(k) be the third derivative of h(k). Let c be (-2)/(-7) + 92/(-28). Determine o(c).
3
Suppose 9*l - 5*l = -v + 15, 12 = l + 3*v. Let y(u) = -9*u - 3. What is y(l)?
-30
Let b(p) = -5*p**2 + 42*p - 2. Let a(g) = -4*g**2 + 36*g - 1. Let q(l) = -6*a(l) + 5*b(l). Calculate q(-2).
4
Let i(o) be the first derivative of 5/12*o**4 - o**2 + 6*o - 2 - 5/6*o**3 - 1/20*o**5. Let p(a) be the first derivative of i(a). Give p(4).
-6
Let h(y) = 18*y**2 + y**2 - 10*y - 17*y**2 - 10. Determine h(5).
-10
Suppose 4 = 5*d - 3*d. Suppose o + 0 - d = 0. Let k(i) = 3 - o - 136*i + 125*i. Determine k(-1).
12
Let j(n) = -42*n + 273. Let l be j(6). Let c(s) = -s**2 + 21*s + 2. What is c(l)?
2
Let k = 12 - 2. Suppose -4*z = k + 18. Let n = z + 13. Let m(h) = -h**2 + 7*h - 4. What is m(n)?
2
Let m(k) be the third derivative of 0*k - 1/24*k**4 + 0 + 1/3*k**3 + 23*k**2. Calculate m(6).
-4
Let l(m) = -m**2 + 17*m - 28. Let h be l(15). Let c(p) = -3*p**h + p**2 - 4*p + 3 + p**2. What is c(-6)?
-9
Let r(w) = -2*w + 2 + 2 - 3*w. Let p be -31 + (-1 - -1)/4. Let y = p - -34. Determine r(y).
-11
Let l(f) = -f**3 - f**2 + f. Let m(j) = 4*j**3 + 8*j**2 + 2*j + 2. Let q(p) = -3*l(p) - m(p). Give q(-4).
2
Let x(d) = -d**3 - 4*d**2 + 3*d - 6. Let o be x(-5). Suppose 0 = o*b - 2*b. Let i be b*5/(-20) + 8. Let a(y) = y**3 - 7*y**2 - 8*y + 8. Give a(i).
8
Let d = 81 + -78. Suppose 9*f + d = -78. Let u(q) = q**3 + 8*q**2 - 9*q + 11. Calculate u(f).
11
Let v(d) = d**2 + 7*d + 5. Suppose 4*f - 3*f = -3*z, -3*z = -4*f. Suppose 0 = -z*q + q - 24. Suppose 4*i + q + 0 = 0. What is v(i)?
-1
Let r(w) be the first derivative of 1/2*w**2 + w + 1. Give r(5).
6
Let t(n) be the third derivative of n**5/60 + 5*n**4/24 + 59*n**2. Suppose 5*j = -3*g - 21, -4*g + 15 = -j - g. What is t(j)?
6
Let s(n) = -n**2 - 11*n + 9. Let x be s(-11). Suppose 4*t - x - 7 = 0. Let q(a) = -a**3 + 5*a**2 - 5*a + 3. Determine q(t).
-1
Let k(u) = -5*u**2 + 19*u + 38. Let x(m) = -m**2 + 6*m + 11. Let j(s) = -2*k(s) + 7*x(s). Determine j(-3).
16
Let m(i) = -i**3 + 3*i**2 + 24*i + 7. Let o(f) = -f**3 + 2*f**2 + 21*f + 6. Let h(n) = 6*m(n) - 7*o(n). Let x(w) = -2*w**3 - w**2. Let y be x(1). Give h(y).
18
Suppose 1 + 55 = 8*z. Let a(q) = -2*q**2 + 7*q + 8. Calculate a(z).
-41
Let b(r) = r**3 - 13*r**2 + 14*r - 18. Suppose 0 = 40*y - 36*y - 48. What is b(y)?
6
Let g(j) = 7*j**2 - 65*j - 2. Let i be g(9). Let c(z) = z**3 + 19*z**2 - 19*z + 24. Give c(i).
4
Let q(f) = f**2 - 4*f - 4. Let u(x) = -x**2 + 3*x + 4. Let o(h) = -7*q(h) - 6*u(h). Let t be 6*(-16)/(-9) + (-4)/(-12). Calculate o(t).
-7
Let c be (-1)/(4/3) - 6/24. Let o(y) be the second derivative of y**4/2 + y**3/6 - 14*y. Determine o(c).
5
Let d(h) be the first derivative of 7*h + 1/3*h**3 + 7/2*h**2 - 3. Let r = -7 + 2. Give d(r).
-3
Suppose 2*d = 3*d - g + 9, -4*d = 2*g + 18. Let w = 2 - 0. Let j(u) = 6*u - u - u**2 - 8 + w*u**2. Determine j(d).
-2
Let l(s) be the second derivative of 1/2*s**4 + 4*s + 0 - 2*s**2 + 0*s**3 - 1/20*s**5. Let r(u) = -u**2 + 8*u - 9. Let b be r(5). Calculate l(b).
-4
Let p(q) = -3*q**3 + 8*q**2 - 6*q - 2. Let n(z) = 